32/858. Let l = -383 + y. Let q(j) = -j**3 - 7*j**2 - 8*j + 6. Determine q(l).
18
Let u(o) be the first derivative of -o**2 + 3*o - 1. Let v(j) = -j**2 - 4*j - 1. Let c be v(-2). Let z = 6 - c. Calculate u(z).
-3
Let u(s) = -s**2 + 48*s - 565. Let o be u(28). Let f(l) = l**2 - 2*l - 29. Give f(o).
6
Let d(j) = -3*j + 6. Let q(f) = 3*f - 6. Let w be q(2). Suppose -5*n - 2 + 82 = 0. Suppose 9*l - 3*c = 4*l + 32, w = 4*c + n. Give d(l).
-6
Let g = 9 - 14. Let u(v) = 4*v**3 - v**2 - 4*v - 1. Let l(a) = 5*a**3 - 4*a - 2. Let n = -21 - -15. Let q(t) = n*u(t) + 5*l(t). Calculate q(g).
1
Let w(m) = m**2 - 12*m - 16. Let d(p) = -4*p**2 - 163*p + 223. Let q be d(-42). What is w(q)?
-3
Let g = 238 - 234. Let h(x) = 5*x + 2 - 4*x**2 + 3*x - g*x + 0 + 1. Determine h(-2).
-21
Suppose 2*o + 5*x = 7*x + 12, 4*x + 15 = o. Let a(y) = -o*y**2 + 24*y + 2*y**2 - 36*y + 0*y**2 - 5. Calculate a(-11).
6
Let x(t) = t**2 + 2*t - 8. Let h(m) = 18*m + 102. Suppose 11*c + 60 = c. Let r be h(c). Calculate x(r).
16
Suppose -231*w + 229*w = 674. Let m = 336 + w. Let y(s) = -25*s**2 + s. Determine y(m).
-26
Suppose -v - 54 = 5*x, 2*x = 4*x - 3*v + 8. Let l = -13 - -16. Let t(a) = -3*a + 5*a + l - 3*a + 2*a. What is t(x)?
-7
Let x(p) = -5*p**2 + 162912*p**3 - 7 + 5*p**2 - 162911*p**3. Give x(3).
20
Suppose -100*a = 556 - 156. Let z(k) = -5*k + 1. Give z(a).
21
Let s(j) = 4 - 15*j**2 + 11*j + 12*j - 13*j + 14*j**2. Determine s(12).
-20
Suppose -205*o = -204*o + 4*s + 23, 4*s = -24. Let p(y) be the second derivative of 3*y**5/20 - y**4/6 + y**3/3 - y**2/2 - y. What is p(o)?
2
Let v(o) be the third derivative of -o**6/120 - 29*o**5/60 - o**4/8 - 89*o**3/6 - 2771*o**2. Determine v(-29).
-2
Suppose -j - 4*j - 4*i = -19, 4*i = -2*j + 10. Suppose -j*z - 32 = -20. Let s(a) be the first derivative of -a**4/4 - 4*a**3/3 - 3*a**2 - 3*a + 1. Give s(z).
21
Let t(q) = -q**3 + 6*q**2 - 11*q + 9. Let v be t(4). Let r(c) = 20*c + 59. Let b be r(v). Let s(x) = 2*x**3 - x**2 + x + 1. Determine s(b).
-3
Let y be 4/12 + 1 - (-21)/(-63). Suppose -5*z = -3*z - 6. Let l(a) = -2*a - 1 + z*a + 4*a**3 + 2*a**3. Determine l(y).
6
Let w(s) = 1881*s + 1894*s + 4 - 3777*s + 25*s**2. What is w(1)?
27
Let u(o) be the second derivative of -4*o**3/3 - 127*o**2/2 + 1141*o + 1. Give u(-15).
-7
Suppose 13 = -3*b + 13. Let o(t) be the second derivative of 0 + 1/6*t**3 - t + 9/2*t**2. Determine o(b).
9
Let y be 25/(-18 + (-11 - -30)). Let b(n) = -n**3 + 24*n**2 + 27*n - 47. Give b(y).
3
Let q(u) = -u**3 - 7*u**2 - 2*u + 1. Let w(n) = n**2. Let f(o) = q(o) + 4*w(o). Let c(i) = i**2 - 2*i + 5. Let h be c(-4). Let j = h - 32. What is f(j)?
7
Let s(f) = 2*f + 3. Let q be s(-3). Let y(l) be the first derivative of -5*l**2/2 - l + 30029. What is y(q)?
14
Let c(x) = -8*x**3 + 112*x**2 + 263*x + 123. Let y(d) = 5*d**3 - 55*d**2 - 134*d - 62. Let z(u) = 3*c(u) + 5*y(u). Calculate z(-59).
0
Let o(a) = -52*a + 1673. Let y be o(32). Let x(b) = -b**2 - 2*b + 90. Give x(y).
-9
Suppose -2*f - 5*o = -4, -7*f + 3*f = -3*o - 8. Let r(j) = -5*j**2 + 3*j - j**f + 5*j**2 - 2. Calculate r(3).
-2
Suppose -2*b + 0*b = 10. Let y(z) = -7*z**2 - 10*z + 2. Let n(i) = -31*i**2 - 15*i - 26*i**2 + 46*i**2 + 3. Let t(w) = b*n(w) + 8*y(w). What is t(-5)?
1
Let s be ((-22)/(-3) + -2)/(26/39). Suppose 0 = 3*w + 5*c - s, -5*c = -3 - 2. Let b(t) = 4*t - w + 0*t + t**3 - 5*t. Determine b(0).
-1
Suppose 0 = 67*c - 488 - 1522. Let i(x) = x**3 - 32*x**2 + 61*x - 36. Calculate i(c).
-6
Suppose 81 + 244 = 25*t. Let s(u) = -u**3 + 8*u**2 + 17*u - 14. Let i(b) = 2*b**3 - 15*b**2 - 35*b + 30. Let p(j) = -4*i(j) - 9*s(j). Calculate p(t).
6
Let h(w) = -w**2 - 34*w - 137. Suppose 3*m + 36*m + 4*m + 1333 = 0. Determine h(m).
-44
Let n(s) be the second derivative of -5*s**3/3 + 302*s**2 + 2*s - 7094. Determine n(61).
-6
Let p(x) be the third derivative of -x**5/60 - 3*x**4/8 + 4*x**3/3 - 2505*x**2. Give p(-10).
-2
Suppose -1243 - 1270 = 4*f - 2497. Let y(x) = x**2 - 5*x - 31. What is y(f)?
5
Let o(s) = -13*s**2 - 74*s + 69. Let p(y) = 8*y**2 + 49*y - 46. Let w(t) = -5*o(t) - 8*p(t). Let q be w(21). Let u(j) = -j + j - j - q*j. What is u(-4)?
12
Let y(h) = -46*h**2 + 11*h - 66. Let p(x) = -16*x**2 + 4*x - 25. Let u(o) = -8*p(o) + 3*y(o). Determine u(-2).
-40
Let m(n) = -10*n + 237 + n**2 + 2*n - 2*n**2 + 241 - 458. Calculate m(-9).
11
Let h(t) = 4 - 2*t**2 + 113*t - 5 - 102*t. Let a be h(5). Let f(j) = 7*j - 1. What is f(a)?
27
Let d(t) = 9*t + 490. Let p be d(-54). Let s(f) be the second derivative of -1/2*f**2 + 35*f - 1/12*f**p + f**3 + 0. Give s(6).
-1
Let g(o) = -o**3 - 26*o**2 - 25*o. Let b be g(-25). Let w be 2/(-8) - 5/(-4). Suppose -x + b = w. Let i(h) = 11*h**2 - h - 1. Determine i(x).
11
Let y(o) = -2*o**2 + 40*o + 30. Let l(f) = f**3 - 15*f**2 - 47*f - 105. Let b be l(18). Determine y(b).
-12
Let g(o) = -o**2 + 2. Let z = 1166 + -1169. Determine g(z).
-7
Let u = -3 + 2. Let g(c) be the third derivative of -c**5/5 + c**4/12 + c**3/6 + 574*c**2 + 2*c. What is g(u)?
-13
Suppose 11*n - 2 = 10*n. Let w(b) be the third derivative of -5*b**4/24 + b**3/2 + 477*b**2 + 1. What is w(n)?
-7
Let b(c) = -4 + 2 - c - 39*c**2 + 17*c**2 + 13*c**2 + 13*c**2 - c**3. Let p = 37 - 34. Determine b(p).
4
Suppose -15*w + 13*w + 4*v = -88, -2*w + 95 = -5*v. Let p(k) be the first derivative of -1/4*k**4 - 1/2*k**2 + w + 0*k**3 - 4*k. Calculate p(0).
-4
Suppose 6*u + 136 = 5*r + 5*u, -3*u - 100 = -4*r. Let x(t) = -6*t**2 - 2*t**3 + 15 + 17 + 0*t**3 - r + 3*t**2 - 2*t. Determine x(-3).
37
Let j(b) be the second derivative of b**5/20 - b**3/6 - 3*b**2/2 + 2*b. Let u = -779 + 776. What is j(u)?
-27
Suppose -2*u - q = -3*q - 14, -4*u + 3 = q. Let i be ((-2)/(u/(-3)))/(3/(-5)). Let r(x) = -3*x - 5. Calculate r(i).
10
Let s(m) = m**2 - 8*m - 6. Suppose 23 = -12*t + 13*t - 4*g, -3*t + 2*g = 1. Give s(t).
59
Let m be (-14)/28 - (-38)/4. Suppose -81 - m = -6*s. Let i(o) = -o + 15. Let v be i(s). Let q(n) = -n**3 + n**2. What is q(v)?
0
Let v = 5 - 0. Let y(s) be the second derivative of -s**4/12 + 5*s**3/6 + 3*s**2 - 19*s - 3. What is y(v)?
6
Let m(v) = -v**3 + 3*v**2 + 5*v - 3. Let x be m(3). Suppose 0 = j + 3*y + 24, -14*j - 23 = -x*j + y. Let w(n) = -n**2 - 11*n - 2. Determine w(j).
16
Let c be ((-276)/1058)/((-9)/138). Suppose 0 = -6*g + 3*g + 15. Let o(l) = -2 - 5*l + g*l + 3*l - l**2 + 4*l. Calculate o(c).
10
Let f(k) = -3*k + 119. Suppose 0 = 21*l - 556 - 221. Give f(l).
8
Let n(q) = -9*q + 123. Suppose -24*u + 100 = 49 - 261. What is n(u)?
6
Let o(r) = 11*r - 6. Let n(i) = -i**3 - 13*i**2 - i + 235. Let y be n(-11). What is o(y)?
38
Let g(i) = 15*i**2 + 1. Let m = 922 + -853. Let o = -129 - -59. Let a = m + o. Give g(a).
16
Let a(w) = -6*w**2 + 8*w + 1402*w**3 - 2747*w**3 + 25 + 1344*w**3. Determine a(-5).
-40
Suppose -3*x + o = 3, 226*x + 4*o = 222*x - 20. Let b(n) = -9*n - 15. Determine b(x).
3
Let m(c) be the second derivative of -c**5/20 + c**4/12 + c**3/6 - 76*c. Let z(x) = 7*x**3 - 6*x**2 - 7*x + 6. Let u(t) = 6*m(t) + z(t). Determine u(0).
6
Let z(t) = t**3 - 2*t**2 + 15*t + 2 + 15*t**2 + 9. Let h be (-20296)/295 + 69 + 122/(-10). What is z(h)?
-25
Suppose -8*t - 39 = -71. Let i(d) be the first derivative of -d**2 + d - 128. Calculate i(t).
-7
Let c(m) = -m**3 + 10*m + 6. Let z be c(-4). Suppose 74*y - z = 84*y. Let j(b) = 2*b**3 + 4*b**2 + 2*b - 2. Calculate j(y).
-26
Let t(k) = -2*k + 15. Let i = 30 - 24. Let h be t(i). Suppose -3*r = h*q + 9, 6*r - q = 10*r + 18. Let n(f) = f + 6. Calculate n(r).
1
Let v(a) be the second derivative of -1 - 1/2*a**2 + 1/6*a**3 - 60*a. Give v(-5).
-6
Suppose -i + 6*y - 10*y = -19, -5*y = -30. Let o(d) = -d**2 - 9*d - 8. Calculate o(i).
12
Let m(t) = -t**3 + 7*t**2 - t + 27. Let b = -6592 + 6599. Determine m(b).
20
Let d be -3 - (-936)/1170*(-2)/(16/30) - 1. Let l(f) = -10*f**2 - 11*f - 24. Let p(h) = 7*h**2 + 7*h + 16. Let r(y) = 5*l(y) + 7*p(y). Give r(d).
-15
Let k(q) = -3*q**3 + 2*q**2 + 5*q + 4. Let i be 23/(2898/28) + (-50)/(-18). What is k(i)?
-44
Let p(o) = -o**3 - 9*o**2 + o + 2. Let g = -1492 - -1483. Give p(g).
-7
Let n(i) = 2*i**3 - 11*i**2 + 3*i - 3. Suppose -15*s = -82*s + 335. What is n(s)?
-13
Let u(j) be the second derivative of j**4/12 - 11*j**3/6 + 5*j**2 - 8*j + 2. Suppose 0 = 4*v - 20 - 24. What is u(v)?
10
Let o be 